*c = -2*y - d. Calculate the remainder when c is divided by (850/(-20))/17*(-5 - 1).
13
Suppose -2*g + 113 = 3*f, -4*f = -5*g - 57 - 109. Let h = f - 28. Calculate the remainder when -2 - (6*-11)/2 is divided by h.
9
Suppose -4*m + 400 = -2*z, -3*m + 5*z = -295 + 2. What is the remainder when m is divided by 15?
11
Let d = -14 + 14. Suppose 4*y + 4*l - 64 = 2*l, d = -y + 4*l - 2. Calculate the remainder when y is divided by 4.
2
Suppose 4*w - 18 - 2 = 0. Let s = 32 + -20. Suppose -5*y = -28 - s. Calculate the remainder when y is divided by w.
3
Let t(l) = 2*l**2 + l - 5. Let f be t(-4). Suppose b + 2*b - f = -x, 3*x + 3*b - 81 = 0. Let g = 8 - -2. Calculate the remainder when x is divided by g.
9
Suppose 0 = -5*d + d + 20. Calculate the remainder when 29 is divided by (-3)/2*-2*d.
14
Let o = -7 + 4. Let b be 4 + (-6)/3 - o. Suppose b*p - 103 - 92 = 0. What is the remainder when p is divided by 20?
19
Let m = -10 + 22. Suppose -1 = -v + m. Let j = 25 - v. What is the remainder when 34 is divided by j?
10
What is the remainder when 40 is divided by (11/(-6))/((-2)/12)?
7
Suppose 4*f = -2*z, 3*f = z - 4*z. Suppose -3*a - a + 36 = f. What is the remainder when a is divided by 5?
4
Calculate the remainder when 6*(-15)/(-6) - -4 is divided by 11.
8
Let x(a) be the second derivative of -23*a**3/6 - a**2/2 - 2*a. Suppose 2*l - 21 = 3. What is the remainder when x(-1) is divided by l?
10
Suppose -3*i + 117 = 3*b + 2*b, 0 = 4*b + 5*i - 91. What is the remainder when (1 + -48)*(2 + -4 + 1) is divided by b?
23
Let q(h) = h**3 + 5*h**2 + 3*h + 5. What is the remainder when ((-4)/(-3))/(2/39) is divided by q(-4)?
8
Let z(a) = 2*a - 1. What is the remainder when 18 is divided by z(6)?
7
What is the remainder when 30 is divided by (-8)/(-10) + 153/15?
8
Suppose -m = -15 - 11. What is the remainder when m is divided by 10?
6
Suppose 0 = -4*i + 13 + 35. Calculate the remainder when i is divided by 8.
4
Suppose 0 = 3*w + 2*w - 145. Let y = -145 - -260. Calculate the remainder when y is divided by w.
28
Suppose 42 = -2*o + 9*o. What is the remainder when 34 is divided by o?
4
Suppose 5*t = 5*c + 10, -2*c + 1 = -3*t + 9. Suppose -u - 59 = -5*l + 3, c = l + 5*u. Calculate the remainder when 1 + 0/(-2) + 45 is divided by l.
10
Let c be ((-15)/6 - -1)*-8. Let f = c + -6. Calculate the remainder when f is divided by 4.
2
Suppose 2*n + 5 = n. Let b(v) = v + 7. What is the remainder when -1*(-3)/(-9)*-9 is divided by b(n)?
1
What is the remainder when 6/(-21) - (-191)/7 is divided by (-12)/(-42) - (-192)/14?
13
Let b(a) = -a**3 + 5*a**2 + 6*a. Let g be b(6). Suppose g = -2*w + 86 + 44. What is the remainder when w is divided by 17?
14
Let k(p) = -9 - 3*p + 0*p + 2*p - 2*p. Calculate the remainder when k(-6) is divided by 5.
4
Let b = 214 - 140. Calculate the remainder when b is divided by 38.
36
Let y be (-1884)/(-21) + (-2)/(-7). Let i = 131 - y. What is the remainder when i is divided by 14?
13
Let f = 19 + -5. Suppose -20 = 10*m - f*m. What is the remainder when 13 is divided by m?
3
Suppose 596 = 6*x + 56. Calculate the remainder when x is divided by 23.
21
Let o = 0 - -59. What is the remainder when o is divided by 21?
17
Suppose 20 = 2*m - 30. What is the remainder when m is divided by 11?
3
Suppose -3*k = -4*k + 29. What is the remainder when k is divided by 5?
4
Suppose 0 = -v - 4*i + 81, 4*v - i = -v + 300. What is the remainder when v is divided by 16?
13
Suppose -2*m + 2 = 0, 3*p - 3*m - 36 = -6*m. What is the remainder when 28 is divided by p?
6
Let b(a) = -a + 13. Let q be b(7). Let z = q - -2. Let k = 6 + z. What is the remainder when 26 is divided by k?
12
Suppose 74 = 3*x + 20. What is the remainder when 87 is divided by x?
15
Let d(v) = 4*v + 5. Suppose -3 = 4*t - 43. Calculate the remainder when d(6) is divided by t.
9
Suppose j + 6 = b, -2*b + b = 3*j + 2. Suppose -5*i - 8 + 73 = l, -l - 61 = -b*i. What is the remainder when i is divided by 8?
6
Let z be ((-282)/8)/((-6)/16). Let y = 161 - z. What is the remainder when y is divided by 23?
21
Let d(m) = -m - 1. Let n be d(-5). Suppose -n*t + 10 = t. Suppose 0 = -b + 3*u + 2, -b - u + 5*u + t = 0. Calculate the remainder when 5 is divided by b.
1
Let z = -9 - -13. Suppose -z = 2*a, -5*v + 0*a + 126 = 2*a. Calculate the remainder when v is divided by 14.
12
Suppose -p + 4 = p. What is the remainder when p/(6/4 + -1) is divided by 2?
0
Suppose -3*h = i + 2, -4*i + 5*h + 48 = -29. Let x(c) = -c**2 + 9*c - 4. Calculate the remainder when i is divided by x(8).
1
Suppose -2*r + 35 - 17 = 0. Calculate the remainder when r is divided by 6.
3
What is the remainder when 44 is divided by (6/(-3))/(3/(-138)*4)?
21
Let f = 16 - 6. What is the remainder when 53 is divided by (18/5)/(2/f)?
17
Suppose 0 = -4*s - 4*b + 816, 3*b = 5*s - 2*b - 1040. What is the remainder when (-2)/(-1 - s/(-210)) is divided by 27?
24
Let n = 7 + 7. What is the remainder when 41 is divided by n?
13
Let v = 92 - 69. Calculate the remainder when 113 is divided by v.
21
Suppose -4*v = -2*v - 3*h, -3*v = 4*h. Suppose 27 = -2*k + 83. Suppose 2*l - k = -v*l. What is the remainder when l is divided by 4?
2
Let k = 22 - -27. Suppose -4*n = y - k - 1, 0 = -4*n - 12. Suppose -2*m + 6*m - 64 = 0. Calculate the remainder when y is divided by m.
14
Suppose 0 = -v - 4 + 69. What is the remainder when v is divided by 33?
32
Suppose x - 18 = -2*x. Suppose -8 = -4*v - 0*v. Suppose -v*d = 0, -d + 43 + 3 = 2*g. Calculate the remainder when g is divided by x.
5
Suppose 4*m + 19 + 1 = 0. Let v = 15 - m. Suppose -5*n = 25, -10 - 2 = -2*p - 2*n. Calculate the remainder when v is divided by p.
9
Suppose k - 11 = -0*w - w, -5*w + 5 = -5*k. Calculate the remainder when 34 is divided by (-18)/(-12) + 63/w.
10
Let l(h) = -h**3 + 6*h**2 - 4*h. Let p be l(5). Let r = p - 7. What is the remainder when 20 is divided by -1 - (r - 12 - -2)?
9
Suppose 0 = m - 4*f, 0 = -3*m + 2*f + 3*f + 14. Suppose m = b - 23. What is the remainder when b is divided by 16?
15
Let s(x) = x**2 + 18*x - 1. What is the remainder when s(-19) is divided by 14?
4
Let f be -1 + 3 + (-1 - -4). Suppose -5*s + 0*w = w - 37, f*s - 31 = -3*w. Suppose -s = -2*z + 6. What is the remainder when 25 is divided by z?
4
Let z be (-10)/(-3) - 3/9. Suppose 2*v = -v + z. Calculate the remainder when v is divided by (-6)/(-3)*2/4.
0
Let f = -2 - -4. Calculate the remainder when 47 is divided by f/(-9)*12*-6.
15
Let n = 24 + -10. Calculate the remainder when 25 is divided by n.
11
Let z(j) = -3*j + 32. What is the remainder when 13 is divided by z(9)?
3
What is the remainder when 37 is divided by (-1 + 1 + -13)/(-6 + 5)?
11
Suppose 0 = 2*n + 2*d - 0*d + 14, -5 = d. Calculate the remainder when 106 is divided by -2 - 58/(-4 - n).
25
Let n = 76 + -29. What is the remainder when n is divided by 12?
11
Let q = 56 + -86. Calculate the remainder when 66 is divided by 12/q - 87/(-5).
15
Calculate the remainder when ((-5)/(-15))/((-2)/3)*-196 is divided by (-4)/6 - (-202)/6.
32
Let a(j) = j**3 - 5*j**2 + 2*j + 6. Suppose 5*t = w + 5, 6 = 2*w - 3*t + t. Calculate the remainder when 61 is divided by a(w).
13
Suppose 16 = -2*h + 3*h. Let i = 29 - h. Let r(b) = -38*b - 1. What is the remainder when r(-1) is divided by i?
11
Let x(d) = 8*d + 7. Let f be x(6). Suppose 4*j - f = 5*u, -u - 45 = -3*j + 4*u. Calculate the remainder when j is divided by 3.
1
Suppose -u + 24 = x, 0 = -3*x + 6*x + 5*u - 74. What is the remainder when 45 is divided by x?
22
What is the remainder when 63 is divided by (23 - (4 - 1)) + -4?
15
Suppose w = -h - w + 72, 0 = 2*h + 3*w - 139. Let b(r) = 9*r**2 - 3*r + 2. Calculate the remainder when h is divided by b(2).
30
Suppose 31 = c - 3*n, -3*n + 5*n + 34 = c. Calculate the remainder when c is divided by 22.
18
Let l(x) = -31*x - 7. What is the remainder when l(-2) is divided by 19?
17
Let w = -36 + 53. What is the remainder when 27 is divided by w?
10
What is the remainder when 136/7 + -5 + (-3)/7 is divided by 5?
4
Let n(y) = -y**3 - 10*y**2 - 11*y - 13. What is the remainder when 17 is divided by n(-9)?
2
Suppose -a = -5*g - 3*a + 9, -g + 5*a = -18. What is the remainder when (1 - (-10)/(-4)) + 1334/116 is divided by g?
1
Suppose -n - p = p - 5, -5*p - 72 = -4*n. What is the remainder when ((-2)/